actors of 15768020.
2, 5, 113, 6977
List the prime factors of 2228052.
2, 3, 83, 2237
List the prime factors of 1380668.
2, 181, 1907
List the prime factors of 979843.
61, 16063
What are the prime factors of 1569912?
2, 3, 65413
List the prime factors of 1382229.
3, 109, 1409
List the prime factors of 8839789.
7, 73, 17299
What are the prime factors of 6097072?
2, 61, 6247
What are the prime factors of 649495?
5, 7, 11, 241
List the prime factors of 118080.
2, 3, 5, 41
List the prime factors of 680802.
2, 3, 113467
What are the prime factors of 17638424?
2, 23, 257, 373
What are the prime factors of 2383377?
3, 73, 10883
What are the prime factors of 1088588?
2, 43, 6329
What are the prime factors of 580216?
2, 7, 13, 797
List the prime factors of 3234206.
2, 1617103
What are the prime factors of 878891?
13, 67607
What are the prime factors of 1152134?
2, 449, 1283
List the prime factors of 99101.
113, 877
What are the prime factors of 380323?
19, 37, 541
What are the prime factors of 3436544?
2, 839
List the prime factors of 2203016.
2, 383, 719
What are the prime factors of 47113?
11, 4283
List the prime factors of 4175854.
2, 2087927
List the prime factors of 255367.
7, 191
What are the prime factors of 2169807?
3, 723269
List the prime factors of 337466.
2, 31, 5443
What are the prime factors of 8313388?
2, 2078347
List the prime factors of 253107.
3, 28123
What are the prime factors of 205353?
3, 22817
List the prime factors of 1283516.
2, 13, 24683
List the prime factors of 147232.
2, 43, 107
List the prime factors of 1191695.
5, 238339
List the prime factors of 727526.
2, 139, 2617
What are the prime factors of 255633?
3, 7, 37, 47
List the prime factors of 9445603.
19, 497137
What are the prime factors of 2459595?
3, 5, 163973
What are the prime factors of 3541888?
2, 7, 59, 67
List the prime factors of 15372387.
3, 19, 89897
List the prime factors of 2103007.
2103007
What are the prime factors of 3177971?
3177971
What are the prime factors of 11108993?
7, 149, 10651
What are the prime factors of 29393337?
3, 727, 13477
List the prime factors of 2349450.
2, 3, 5, 23, 227
What are the prime factors of 104727?
3, 7, 4987
What are the prime factors of 2338929?
3, 86627
List the prime factors of 1905267.
3, 7, 13, 997
List the prime factors of 1444193.
23, 62791
What are the prime factors of 579990?
2, 3, 5, 19333
What are the prime factors of 3709074?
2, 3, 193, 3203
What are the prime factors of 9345091?
7, 71, 18803
List the prime factors of 249718.
2, 7, 17837
List the prime factors of 517283.
13, 39791
What are the prime factors of 3120125?
5, 109, 229
List the prime factors of 339892.
2, 7, 61, 199
List the prime factors of 1044366.
2, 3, 174061
List the prime factors of 2600245.
5, 19, 101, 271
What are the prime factors of 10534941?
3, 83, 1567
List the prime factors of 1467277.
7, 263, 797
List the prime factors of 1463775.
3, 5, 29, 673
What are the prime factors of 852415?
5, 170483
List the prime factors of 2546516.
2, 7, 90947
What are the prime factors of 281767?
281767
What are the prime factors of 44360?
2, 5, 1109
List the prime factors of 8992965.
3, 5, 79, 7589
What are the prime factors of 10764415?
5, 2152883
What are the prime factors of 1050528?
2, 3, 31, 353
List the prime factors of 26333858.
2, 1427, 9227
List the prime factors of 3927894.
2, 3, 23, 28463
What are the prime factors of 100557?
3, 11173
List the prime factors of 14635549.
14635549
What are the prime factors of 13451151?
3, 7, 640531
List the prime factors of 27153813.
3, 2251, 4021
What are the prime factors of 8643664?
2, 53, 10193
What are the prime factors of 3259995?
3, 5, 217333
What are the prime factors of 5259301?
5259301
List the prime factors of 109385.
5, 131, 167
List the prime factors of 26766759.
3, 421, 21193
What are the prime factors of 2353805?
5, 59, 79, 101
List the prime factors of 68652.
2, 3, 1907
What are the prime factors of 268033?
19, 14107
What are the prime factors of 344242?
2, 19, 9059
What are the prime factors of 5010390?
2, 3, 5, 7, 11, 241
List the prime factors of 1121074.
2, 487, 1151
What are the prime factors of 26991?
3, 2999
What are the prime factors of 278866?
2, 7, 19919
What are the prime factors of 38339179?
1597, 24007
List the prime factors of 4158217.
7, 17, 83, 421
List the prime factors of 340033.
337, 1009
What are the prime factors of 7779244?
2, 11, 23, 7687
List the prime factors of 1644900.
2, 3, 5, 5483
What are the prime factors of 431605?
5, 37, 2333
What are the prime factors of 34697305?
5, 37, 137
List the prime factors of 654045.
3, 5, 7, 6229
What are the prime factors of 3662884?
2, 89, 10289
What are the prime factors of 3037052?
2, 759263
List the prime factors of 13603034.
2, 601, 11317
What are the prime factors of 1349143?
1349143
List the prime factors of 4193753.
4193753
List the prime factors of 147979.
13, 11383
List the prime factors of 26898012.
2, 3, 17, 43951
What are the prime factors of 22533368?
2, 11, 13, 19697
What are the prime factors of 352301?
352301
What are the prime factors of 65076?
2, 3, 11, 17, 29
List the prime factors of 3030367.
19, 349, 457
What are the prime factors of 11232294?
2, 3, 1872049
What are the prime factors of 357576?
2, 3, 47, 317
What are the prime factors of 9683123?
9683123
What are the prime factors of 1566323?
11, 23, 41, 151
What are the prime factors of 5107102?
2, 7, 11, 13, 2551
List the prime factors of 179759.
19, 9461
List the prime factors of 1586943.
3, 176327
List the prime factors of 11079427.
17, 651731
What are the prime factors of 457009?
7, 65287
List the prime factors of 5426474.
2, 2713237
List the prime factors of 6786166.
2, 239, 14197
List the prime factors of 243363.
3, 23, 3527
What are the prime factors of 2091442?
2, 17, 137, 449
List the prime factors of 421873.
43, 9811
List the prime factors of 432243.
3, 7, 2287
What are the prime factors of 138970?
2, 5, 13, 1069
What are the prime factors of 188853?
3, 7, 17, 23
What are the prime factors of 1402317?
3, 7, 22259
List the prime factors of 3789041.
263, 14407
What are the prime factors of 1105832?
2, 7, 13, 31
What are the prime factors of 1103547?
3, 367849
What are the prime factors of 2043715?
5, 408743
List the prime factors of 34644112.
2, 31, 69847
What are the prime factors of 5474707?
7, 29, 149, 181
List the prime factors of 3580190.
2, 5, 31, 11549
What are the prime factors of 8610205?
5, 41, 97, 433
List the prime factors of 876592.
2, 54787
What are the prime factors of 292711?
292711
List the prime factors of 5701485.
3, 5, 149, 2551
What are the prime factors of 4647341?
17, 461, 593
What are the prime factors of 4435883?
31, 143093
List the prime factors of 16049907.
3, 257
List the prime factors of 700019.
79, 8861
What are the prime factors of 991062?
2, 3, 18353
What are the prime factors of 677128?
2, 53, 1597
List the prime factors of 1495280.
2, 5, 18691
What are the prime factors of 825739?
825739
List the prime factors of 1423176.
2, 3, 19, 3121
What are the prime factors of 1264623?
3, 37, 11393
What are the prime factors of 493455?
3, 5, 67, 491
What are the prime factors of 442083?
3, 23, 43, 149
List the prime factors of 8031274.
2, 4015637
List the prime factors of 67190.
2, 5, 6719
What are the prime factors of 545184?
2, 3, 631
What are the prime factors of 18068841?
3, 7, 17, 16871
What are the prime factors of 3633040?
2, 5, 45413
What are the prime factors of 4134489?
3, 1378163
What are the prime factors of 9379?
83, 113
List the prime factors of 772230.
2, 3, 5, 25741
What are the prime factors of 733168?
2, 45823
List the prime factors of 11450206.
2, 89, 64327
List the prime factors of 342968.
2, 43, 997
What are the prime factors of 1905135?
3, 5, 107, 1187
What are the prime factors of 3206?
2, 7, 229
What are the prime factors of 1370071?
19, 72109
What are the prime factors of 1121918?
2, 7, 127, 631
What are the prime factors of 1316984?
2, 164623
List the prime factors of 337719.
3, 112573
What are the prime factors of 840?
2, 3, 5, 7
List the prime factors of 2940277.
2940277
List the prime factors of 4352946.
2, 3, 13, 55807
List the prime factors of 132427.
151, 877
List the prime factors of 515692.
2, 1289